{"id":198386,"date":"2025-10-15T10:24:35","date_gmt":"2025-10-15T10:24:35","guid":{"rendered":"https:\/\/paramon.de\/?post_type=product&#038;p=198386"},"modified":"2025-10-15T10:24:35","modified_gmt":"2025-10-15T10:24:35","slug":"angehoerige-sind-mitwirkende-burkhardt","status":"publish","type":"product","link":"https:\/\/paramon.de\/ch\/produkt\/angehoerige-sind-mitwirkende-burkhardt\/","title":{"rendered":"Angeh\u00f6rige sind Mitwirkende (Burkhardt)"},"content":{"rendered":"","protected":false},"excerpt":{"rendered":"<p>Mit diesem Handbuch entdecken Angeh\u00f6rige die Eigenwelt ihrer Anvertrauten und finden Anregungen f\u00fcr die Gestaltung der letzten Lebenszeit.<span class=\"Apple-converted-space\">\u00a0<\/span><\/p>\n<p>&nbsp;<\/p>\n<p>&nbsp;<\/p>\n<p>&nbsp;<\/p>\n<p>Peter Burkhardt war in verschiedenen Funktionen als Sozialp\u00e4dagoge t\u00e4tig. Er hat unter\u00adschiedliche Pilotprojekte betreut, war als Heimleiter Erwachsenenbildner und Berater von sozialen Institutionen t\u00e4tig. Zusammen mit seiner Frau Liselotte hat er viele dieser Projek\u00adte reflektiert und sich stets als lernender Pionier verstanden.<span class=\"Apple-converted-space\">\u00a0<\/span><\/p>\n<p>Als seine Frau an Alzheimer erkrankte und von ihm gepflegt werden musste, begann er, sich intensiv mit den in diesem Handbuch beschriebenen Gedanken zur Kommunikation mit Menschen mit Demenz und mit deren Begleitung in der letzten Lebenszeit zu be\u00adsch\u00e4ftigen.<span class=\"Apple-converted-space\">\u00a0<\/span><\/p>\n<p>Nach dem Tod seiner Frau initiierte er ein Pilotprojekt f\u00fcr Angeh\u00f6rige von Menschen mit Demenz im Pflegeheim. Zusammen mit einem Mitarbeiter dieses Heimes leitete er eine Begleitgruppe. Die positiven Erfahrungen mit diesem Projekt und der Kontakt mit einem Ausbildungskurs f\u00fcr Angeh\u00f6rige der Berner Fachhochschule gaben den Anstoss, dieses Handbuch zu schreiben. Es soll Angeh\u00f6rige anregen und ermutigen, sich an der Betreuung ihrer Anvertrauten im Pflegeheim zu beteiligen.<span class=\"Apple-converted-space\">\u00a0<\/span><\/p>\n<p>&nbsp;<\/p>\n<p>&nbsp;<\/p>\n<p>&nbsp;<\/p>\n<p>Angeh\u00f6rige sind Mitwirkende \u2013 ein Handbuch f\u00fcr Angeh\u00f6rige von Menschen mit Demenz im Pflegeheim, Taschenbuch, 101 Seiten, 978-3-03830-971-0, 20\u20ac<\/p>","protected":false},"featured_media":198387,"comment_status":"open","ping_status":"closed","template":"","meta":{"_acf_changed":false},"product_brand":[],"product_cat":[232],"product_tag":[],"class_list":["post-198386","product","type-product","status-publish","has-post-thumbnail","product_cat-ratgeber","first","instock","taxable","shipping-taxable","purchasable","product-type-simple"],"acf":[],"_links":{"self":[{"href":"https:\/\/paramon.de\/ch\/wp-json\/wp\/v2\/product\/198386","targetHints":{"allow":["GET"]}}],"collection":[{"href":"https:\/\/paramon.de\/ch\/wp-json\/wp\/v2\/product"}],"about":[{"href":"https:\/\/paramon.de\/ch\/wp-json\/wp\/v2\/types\/product"}],"replies":[{"embeddable":true,"href":"https:\/\/paramon.de\/ch\/wp-json\/wp\/v2\/comments?post=198386"}],"wp:featuredmedia":[{"embeddable":true,"href":"https:\/\/paramon.de\/ch\/wp-json\/wp\/v2\/media\/198387"}],"wp:attachment":[{"href":"https:\/\/paramon.de\/ch\/wp-json\/wp\/v2\/media?parent=198386"}],"wp:term":[{"taxonomy":"product_brand","embeddable":true,"href":"https:\/\/paramon.de\/ch\/wp-json\/wp\/v2\/product_brand?post=198386"},{"taxonomy":"product_cat","embeddable":true,"href":"https:\/\/paramon.de\/ch\/wp-json\/wp\/v2\/product_cat?post=198386"},{"taxonomy":"product_tag","embeddable":true,"href":"https:\/\/paramon.de\/ch\/wp-json\/wp\/v2\/product_tag?post=198386"}],"curies":[{"name":"wp","href":"https:\/\/api.w.org\/{rel}","templated":true}]}}

Angehörige sind Mitwirkende (Burkhardt)

<p>Mit diesem Handbuch entdecken Angehörige die Eigenwelt ihrer Anvertrauten und finden Anregungen für die Gestaltung der letzten Lebenszeit.<span class="Apple-converted-space"> </span></p>
<p>&nbsp;</p>
<p>&nbsp;</p>
<p>&nbsp;</p>
<p>Peter Burkhardt war in verschiedenen Funktionen als Sozialpädagoge tätig. Er hat unter­schiedliche Pilotprojekte betreut, war als Heimleiter Erwachsenenbildner und Berater von sozialen Institutionen tätig. Zusammen mit seiner Frau Liselotte hat er viele dieser Projek­te reflektiert und sich stets als lernender Pionier verstanden.<span class="Apple-converted-space"> </span></p>
<p>Als seine Frau an Alzheimer erkrankte und von ihm gepflegt werden musste, begann er, sich intensiv mit den in diesem Handbuch beschriebenen Gedanken zur Kommunikation mit Menschen mit Demenz und mit deren Begleitung in der letzten Lebenszeit zu be­schäftigen.<span class="Apple-converted-space"> </span></p>
<p>Nach dem Tod seiner Frau initiierte er ein Pilotprojekt für Angehörige von Menschen mit Demenz im Pflegeheim. Zusammen mit einem Mitarbeiter dieses Heimes leitete er eine Begleitgruppe. Die positiven Erfahrungen mit diesem Projekt und der Kontakt mit einem Ausbildungskurs für Angehörige der Berner Fachhochschule gaben den Anstoss, dieses Handbuch zu schreiben. Es soll Angehörige anregen und ermutigen, sich an der Betreuung ihrer Anvertrauten im Pflegeheim zu beteiligen.<span class="Apple-converted-space"> </span></p>
<p>&nbsp;</p>
<p>&nbsp;</p>
<p>&nbsp;</p>
<p>Angehörige sind Mitwirkende – ein Handbuch für Angehörige von Menschen mit Demenz im Pflegeheim, Taschenbuch, 101 Seiten, 978-3-03830-971-0, 20€</p>
