{"id":197676,"date":"2024-04-04T09:28:14","date_gmt":"2024-04-04T09:28:14","guid":{"rendered":"https:\/\/paramon.de\/?post_type=product&#038;p=197676"},"modified":"2026-02-11T15:04:35","modified_gmt":"2026-02-11T15:04:35","slug":"hass-der-liebe-zeneli","status":"publish","type":"product","link":"https:\/\/paramon.de\/ch\/produkt\/hass-der-liebe-zeneli\/","title":{"rendered":"Hass der Liebe (Zeneli)"},"content":{"rendered":"","protected":false},"excerpt":{"rendered":"<p>Bekim Zeneli deckt mit seinen Gedichten ein breites Themenfeld ab: Von schauerm\u00e4rchenhaften Oden bis hin zur Kriegs- und Gesellschaftskritik. Immer wiederkehrend jedoch ist sein Lebensthema: die Emigration in die Schweiz und der Umgang, der ihm dort durch die Eidgenossen widerfuhr und widerf\u00e4hrt. Er schreibt hier ohne Scheu, alle Gef\u00fchlsfacetten finden sich wieder. Was f\u00fcr den hoffentlich nicht allzu zart besaiteten Leser nun zu entdecken ist? Das lyrische Portrait einer konfliktreichen Beziehung zu einem Land und sich selbst.<\/p>\n<p>Dies ist der zweite Band von Bekim Zeneli.<\/p>\n<p>&nbsp;<\/p>\n<p>&nbsp;<\/p>\n<p>Hass der Liebe, Gl\u00fcck dem Starken, Elend dem Schwachen \u2013 Teil 2, Bekim Zeneli, Taschenbuch, 180 Seiten, 14\u20ac<\/p>","protected":false},"featured_media":197677,"comment_status":"open","ping_status":"closed","template":"","meta":{"_acf_changed":false},"product_brand":[],"product_cat":[221],"product_tag":[],"class_list":["post-197676","product","type-product","status-publish","has-post-thumbnail","product_cat-gesellschaftsroman","first","instock","taxable","shipping-taxable","purchasable","product-type-simple"],"acf":[],"_links":{"self":[{"href":"https:\/\/paramon.de\/ch\/wp-json\/wp\/v2\/product\/197676","targetHints":{"allow":["GET"]}}],"collection":[{"href":"https:\/\/paramon.de\/ch\/wp-json\/wp\/v2\/product"}],"about":[{"href":"https:\/\/paramon.de\/ch\/wp-json\/wp\/v2\/types\/product"}],"replies":[{"embeddable":true,"href":"https:\/\/paramon.de\/ch\/wp-json\/wp\/v2\/comments?post=197676"}],"wp:featuredmedia":[{"embeddable":true,"href":"https:\/\/paramon.de\/ch\/wp-json\/wp\/v2\/media\/197677"}],"wp:attachment":[{"href":"https:\/\/paramon.de\/ch\/wp-json\/wp\/v2\/media?parent=197676"}],"wp:term":[{"taxonomy":"product_brand","embeddable":true,"href":"https:\/\/paramon.de\/ch\/wp-json\/wp\/v2\/product_brand?post=197676"},{"taxonomy":"product_cat","embeddable":true,"href":"https:\/\/paramon.de\/ch\/wp-json\/wp\/v2\/product_cat?post=197676"},{"taxonomy":"product_tag","embeddable":true,"href":"https:\/\/paramon.de\/ch\/wp-json\/wp\/v2\/product_tag?post=197676"}],"curies":[{"name":"wp","href":"https:\/\/api.w.org\/{rel}","templated":true}]}}

<p>Bekim Zeneli deckt mit seinen Gedichten ein breites Themenfeld ab: Von schauermärchenhaften Oden bis hin zur Kriegs- und Gesellschaftskritik. Immer wiederkehrend jedoch ist sein Lebensthema: die Emigration in die Schweiz und der Umgang, der ihm dort durch die Eidgenossen widerfuhr und widerfährt. Er schreibt hier ohne Scheu, alle Gefühlsfacetten finden sich wieder. Was für den hoffentlich nicht allzu zart besaiteten Leser nun zu entdecken ist? Das lyrische Portrait einer konfliktreichen Beziehung zu einem Land und sich selbst.</p>
<p>Dies ist der zweite Band von Bekim Zeneli.</p>
<p>&nbsp;</p>
<p>&nbsp;</p>
<p>Hass der Liebe, Glück dem Starken, Elend dem Schwachen – Teil 2, Bekim Zeneli, Taschenbuch, 180 Seiten, 14€</p>
