{"id":197542,"date":"2023-10-12T10:39:38","date_gmt":"2023-10-12T10:39:38","guid":{"rendered":"https:\/\/paramon.de\/?post_type=product&#038;p=197542"},"modified":"2023-10-12T10:39:40","modified_gmt":"2023-10-12T10:39:40","slug":"jeschua-ich-bin-frei","status":"publish","type":"product","link":"https:\/\/paramon.de\/ch\/produkt\/jeschua-ich-bin-frei\/","title":{"rendered":"Jeschua \u2013 Ich bin (Frei)"},"content":{"rendered":"","protected":false},"excerpt":{"rendered":"<p>Das Rettende, das ein jeder von uns sucht, hier blitzt es mit einem Mal auf<\/p>\n<p>Wir machen uns auf den Weg, \u00fcbersteigen Zweifel und \u00c4ngste im weiteren Verlauf<\/p>\n<p>An den K\u00f6nigsh\u00f6fen und in den Konsumkathedralen ist dieser Stern nicht zu finden<\/p>\n<p>Nicht in den Prunkbauten der M\u00e4chtigen, die ihr Herz an die G\u00fcter der Welt binden<\/p>\n<p>Erst an einem unscheinbaren Ort kommt der Himmelsk\u00f6rper gleichsam zum Stillstand<\/p>\n<p>Wo das vom G\u00f6ttlichen Angesprochene in einem Stall einen \u00e4rmlichen Platz fand<\/p>\n<p>Hier, unbemerkt und unber\u00fchrt von jenen, die sich gern alles Irdische einverleiben<\/p>\n<p>Wird ein Kind geboren, beginnt das menschlich Beste, ein neues Lebenskapitel zu schreiben<\/p>\n<p>Die sich aufgemacht haben, es zu suchen, ihm zu huldigen, tun\u2019s nicht ohne Grund<\/p>\n<p>Sie kennen die alten Schriften und wissen, die Sterne geben uns Botschaften kund<\/p>\n<p>Diesmal erweist sich das Himmelszeichen als eine ganz besondere Konstellation<\/p>\n<p>Als b\u00fcndelten sich hier gewaltige Kr\u00e4fte und dahinter st\u00e4nde eine g\u00f6ttliche Intention<\/p>\n<p>Aus dem Allerniedrigsten wird dieses wundervolle Kind ins Allerh\u00f6chste aufsteigen<\/p>\n<p>Und sich mit Vorliebe den Gebeugten, den Niedergedr\u00fcckten und \u00dcbersehenen zu-neigen<\/p>\n<p>In den Herzen aller Menschen, aller lebendigen Kreaturen, wenn ich anger\u00fchrt werde<\/p>\n<p>Wirbelt etwas von diesem Sternenstaub auf und verteilt sich unsichtbar \u00fcber die Erde<\/p>\n<p>&nbsp;<\/p>\n<p>&nbsp;<\/p>\n<p>&nbsp;<\/p>\n<p>&nbsp;<\/p>\n<p>Jeschua \u2013 Ich bin,\u00a0Eine dichterische \u00dcbersetzung und Betrachtung des Matth\u00e4us-Evangeliums, Peter Thomas Frei, gebunden, 487 Seiten, 35\u20ac<\/p>","protected":false},"featured_media":197543,"comment_status":"open","ping_status":"closed","template":"","meta":{"_acf_changed":false},"product_brand":[],"product_cat":[220],"product_tag":[],"class_list":["post-197542","product","type-product","status-publish","has-post-thumbnail","product_cat-religion","first","instock","taxable","shipping-taxable","purchasable","product-type-simple"],"acf":[],"_links":{"self":[{"href":"https:\/\/paramon.de\/ch\/wp-json\/wp\/v2\/product\/197542","targetHints":{"allow":["GET"]}}],"collection":[{"href":"https:\/\/paramon.de\/ch\/wp-json\/wp\/v2\/product"}],"about":[{"href":"https:\/\/paramon.de\/ch\/wp-json\/wp\/v2\/types\/product"}],"replies":[{"embeddable":true,"href":"https:\/\/paramon.de\/ch\/wp-json\/wp\/v2\/comments?post=197542"}],"wp:featuredmedia":[{"embeddable":true,"href":"https:\/\/paramon.de\/ch\/wp-json\/wp\/v2\/media\/197543"}],"wp:attachment":[{"href":"https:\/\/paramon.de\/ch\/wp-json\/wp\/v2\/media?parent=197542"}],"wp:term":[{"taxonomy":"product_brand","embeddable":true,"href":"https:\/\/paramon.de\/ch\/wp-json\/wp\/v2\/product_brand?post=197542"},{"taxonomy":"product_cat","embeddable":true,"href":"https:\/\/paramon.de\/ch\/wp-json\/wp\/v2\/product_cat?post=197542"},{"taxonomy":"product_tag","embeddable":true,"href":"https:\/\/paramon.de\/ch\/wp-json\/wp\/v2\/product_tag?post=197542"}],"curies":[{"name":"wp","href":"https:\/\/api.w.org\/{rel}","templated":true}]}}

<p>Das Rettende, das ein jeder von uns sucht, hier blitzt es mit einem Mal auf</p>
<p>Wir machen uns auf den Weg, übersteigen Zweifel und Ängste im weiteren Verlauf</p>
<p>An den Königshöfen und in den Konsumkathedralen ist dieser Stern nicht zu finden</p>
<p>Nicht in den Prunkbauten der Mächtigen, die ihr Herz an die Güter der Welt binden</p>
<p>Erst an einem unscheinbaren Ort kommt der Himmelskörper gleichsam zum Stillstand</p>
<p>Wo das vom Göttlichen Angesprochene in einem Stall einen ärmlichen Platz fand</p>
<p>Hier, unbemerkt und unberührt von jenen, die sich gern alles Irdische einverleiben</p>
<p>Wird ein Kind geboren, beginnt das menschlich Beste, ein neues Lebenskapitel zu schreiben</p>
<p>Die sich aufgemacht haben, es zu suchen, ihm zu huldigen, tun’s nicht ohne Grund</p>
<p>Sie kennen die alten Schriften und wissen, die Sterne geben uns Botschaften kund</p>
<p>Diesmal erweist sich das Himmelszeichen als eine ganz besondere Konstellation</p>
<p>Als bündelten sich hier gewaltige Kräfte und dahinter stände eine göttliche Intention</p>
<p>Aus dem Allerniedrigsten wird dieses wundervolle Kind ins Allerhöchste aufsteigen</p>
<p>Und sich mit Vorliebe den Gebeugten, den Niedergedrückten und Übersehenen zu-neigen</p>
<p>In den Herzen aller Menschen, aller lebendigen Kreaturen, wenn ich angerührt werde</p>
<p>Wirbelt etwas von diesem Sternenstaub auf und verteilt sich unsichtbar über die Erde</p>
<p>&nbsp;</p>
<p>&nbsp;</p>
<p>&nbsp;</p>
<p>&nbsp;</p>
<p>Jeschua – Ich bin, Eine dichterische Übersetzung und Betrachtung des Matthäus-Evangeliums, Peter Thomas Frei, gebunden, 487 Seiten, 35€</p>
