{"id":194195,"date":"2022-10-05T14:31:25","date_gmt":"2022-10-05T14:31:25","guid":{"rendered":"https:\/\/paramon.de\/?post_type=product&#038;p=194195"},"modified":"2022-10-05T14:31:26","modified_gmt":"2022-10-05T14:31:26","slug":"womit-ist-denn-der-mensch-beschaeftigt-janda","status":"publish","type":"product","link":"https:\/\/paramon.de\/ch\/produkt\/womit-ist-denn-der-mensch-beschaeftigt-janda\/","title":{"rendered":"Womit ist denn der Mensch besch\u00e4ftigt? (Janda)"},"content":{"rendered":"","protected":false},"excerpt":{"rendered":"<p>Salve Leser. Sei gegr\u00fc\u00dft.<\/p>\n<p>Sie haben ein Buch gew\u00e4hlt,<\/p>\n<p>das den Alltag unges\u00fc\u00dft<\/p>\n<p>in gereimter Form enth\u00e4lt.<\/p>\n<p>Unterschiedlich sind die Themen,<\/p>\n<p>die das Schicksal zu uns weht.<\/p>\n<p>Lesbar ohne sich zu gr\u00e4men<\/p>\n<p>und gereiht von A \u2013 Z.<\/p>\n<p>&nbsp;<\/p>\n<p>&nbsp;<\/p>\n<p>Womit ist denn der Mensch besch\u00e4ftigt?,\u00a0\u00c4gidius Janda, gebunden, 274 Seiten, 20\u20ac<\/p>","protected":false},"featured_media":194196,"comment_status":"open","ping_status":"closed","template":"","meta":{"_acf_changed":false},"product_brand":[],"product_cat":[224],"product_tag":[],"class_list":["post-194195","product","type-product","status-publish","has-post-thumbnail","product_cat-lyrik","first","instock","taxable","shipping-taxable","purchasable","product-type-simple"],"acf":[],"_links":{"self":[{"href":"https:\/\/paramon.de\/ch\/wp-json\/wp\/v2\/product\/194195","targetHints":{"allow":["GET"]}}],"collection":[{"href":"https:\/\/paramon.de\/ch\/wp-json\/wp\/v2\/product"}],"about":[{"href":"https:\/\/paramon.de\/ch\/wp-json\/wp\/v2\/types\/product"}],"replies":[{"embeddable":true,"href":"https:\/\/paramon.de\/ch\/wp-json\/wp\/v2\/comments?post=194195"}],"wp:featuredmedia":[{"embeddable":true,"href":"https:\/\/paramon.de\/ch\/wp-json\/wp\/v2\/media\/194196"}],"wp:attachment":[{"href":"https:\/\/paramon.de\/ch\/wp-json\/wp\/v2\/media?parent=194195"}],"wp:term":[{"taxonomy":"product_brand","embeddable":true,"href":"https:\/\/paramon.de\/ch\/wp-json\/wp\/v2\/product_brand?post=194195"},{"taxonomy":"product_cat","embeddable":true,"href":"https:\/\/paramon.de\/ch\/wp-json\/wp\/v2\/product_cat?post=194195"},{"taxonomy":"product_tag","embeddable":true,"href":"https:\/\/paramon.de\/ch\/wp-json\/wp\/v2\/product_tag?post=194195"}],"curies":[{"name":"wp","href":"https:\/\/api.w.org\/{rel}","templated":true}]}}

Womit ist denn der Mensch beschäftigt? (Janda)

<p>Salve Leser. Sei gegrüßt.</p>
<p>Sie haben ein Buch gewählt,</p>
<p>das den Alltag ungesüßt</p>
<p>in gereimter Form enthält.</p>
<p>Unterschiedlich sind die Themen,</p>
<p>die das Schicksal zu uns weht.</p>
<p>Lesbar ohne sich zu grämen</p>
<p>und gereiht von A – Z.</p>
<p>&nbsp;</p>
<p>&nbsp;</p>
<p>Womit ist denn der Mensch beschäftigt?, Ägidius Janda, gebunden, 274 Seiten, 20€</p>
