{"id":194126,"date":"2022-09-27T13:45:20","date_gmt":"2022-09-27T13:45:20","guid":{"rendered":"https:\/\/paramon.de\/?post_type=product&#038;p=194126"},"modified":"2024-01-31T15:19:41","modified_gmt":"2024-01-31T15:19:41","slug":"film-und-medieneinblicke-d-b-h","status":"publish","type":"product","link":"https:\/\/paramon.de\/ch\/produkt\/film-und-medieneinblicke-d-b-h\/","title":{"rendered":"Film- und Medieneinblicke (D.B.H.)"},"content":{"rendered":"","protected":false},"excerpt":{"rendered":"<p>Es wird versucht, einen Einblick zu vermitteln, wie vielseitig schon allein das Filmgewerbe auf uns wirkte und was sich seit der Erfindung allein in Deutschland f\u00fcr Vorg\u00e4nge und Abl\u00e4ufe bisher ereigneten und vollzogen.<\/p>\n<p>Bis zum Ende des Zweiten Weltkrieges stand daher auch das Geschehen in Berlin besonders im Brennpunkt vieler Betrachtungen; die dann erfolgte Besatzungszeit dr\u00fcckte \u00fcberall ihre Stempel auf und pr\u00e4gte somit stark auch die Nachkriegsjugend.<\/p>\n<p>Internationalit\u00e4t mit ihrer Ausstrahlung beeinflusste unser aller Leben und besonders USA-Hollywood mit seinen Regeln f\u00f6rderte lange Zeit finanziell gro\u00dfe Projekte, die gewaltig die weite Welt durch die neuartigen Wiedergabetechniken beeindruckte. Mehr und mehr arbeitete man in Ost und West viele Kriegsschicksale mit ihren begleiteten Menschheitsverbrechen, nicht nur in vielen Filmdarstellungen auf.<\/p>\n<p>Kom\u00f6dien und Science Fiction eroberten sich vordere Pl\u00e4tze und die TV-Wirtschaft trug mit der Verbreitung von vielen Serien zur Faszination, auch von neueren umweltbewussten und wissenschaftlichen Themen viel bei.<\/p>\n<p>Frauenschicksale und die wachsende Bedeutung ihrer Arbeit r\u00fcckten auf geb\u00fchrende Pl\u00e4tze vor und alle Darlegungen und Andeutungen auch in den Grenzbereichen von Erkenntnissen werden hier durch Beispiele aufgezeigt; bisherige UFO-(UAP\/USO) Sequenzen erscheinen am Ende nun durch offizielle Stellungnahmen und Auswertungen in einem neuem Licht.<\/p>\n<p>In einigen literaturgeschichtlichen Randbemerkungen werden erste Hieroglyphen erw\u00e4hnt und einige letzte Druck-\u201eMuseumsst\u00fccke\u201c laufen an einigen Orten noch immer nach dem Urprinzip und zur Erbauung der Betrachter und der daran noch T\u00e4tigen.<\/p>\n<p>F\u00fcr tiefgr\u00fcndige Menschen waren die \u00c4u\u00dferungen eines Moses Mendelson (1729 \u2013 1786), der in gepflegtem Deutsch als j\u00fcdischer Philosoph und aufgekl\u00e4rter Schriftsteller den Weg zu Kant nach K\u00f6nigsberg antrat und in ihm dann einen Mitstreiter f\u00fcr seine Ideen eines toleranteren Denkens in allen Fragen zur damaligen Zeit von 1750 fand, der Angelpunkt eines geistigen Ansto\u00dfes.<\/p>\n<p>Verlage und die \u201eDeutsche Grammophon\u201c feierten Geburtstage und die zahlreichen B\u00fccher der Klassiker von Remarque bis Hesse landeten einst auf<span class=\"Apple-converted-space\">\u00a0 <\/span>dem heutigen August-Bebel-Platz von Berlin im Flammenmeer fanatisierter und jubelnder NS-Mitstreiter.<\/p>\n<p>Viele K\u00fcnstler und Literaten gingen ins Ausland; aber eine neue Gegenwartsliteratur belebt uns wieder und unterbreitet kontroverse gesellschaftliche Themen auch aus der DDR-Zeit.<\/p>\n<p>Das Schicksal eines S\u00fcd-Ost-Berliners (Dr. G\u00fcnter Fischer \/ Jhrg. 1930) erz\u00e4hlt den Weg durch eine eigene jugendliche braun-rot- und letztlich<span class=\"Apple-converted-space\">\u00a0 <\/span>nun \u201eschwarze\u201c Erlebniswelt.<\/p>\n<p>Was wird aus der Finanzierbarkeit von gutem Journalismus?<\/p>\n<p>Was sagt der Philosoph Richard David Precht?<\/p>\n<p>Was st\u00f6rte den ehemaligen B\u00fcrgermeister von Berlin-Neuk\u00f6lln?<\/p>\n<p>Wie berichtete \u201eDer Tagesspiegel\u201c \u00fcber Hasso Plattner als Ehrenb\u00fcrger?<\/p>\n<p>Wen interessiert vielleicht eine vollzogene \u201eStudienreise\u201c nach Israel 2019?<\/p>\n<p>Wie arbeitete Gerhard Konzelmann das Geschichtliche dort auf?<\/p>\n<p>Abschlie\u00dfende Info-Splitter beleuchten viele Facetten der abwechslungsreichen Filmsch\u00f6pfungen und die Medienentwicklung bis in die j\u00fcngste Zeit der Corona-Krise.<\/p>\n<p>Ruhepole waren auch \u201eDie geheimen G\u00e4rten von Lucca\u201c \u00d6 \/ 2019.<span class=\"Apple-converted-space\">\u00a0<\/span><\/p>\n<p>Die Sch\u00f6nheiten Italiens beschreiben in Erinnerung an 2012 noch einige Wanderungen und Touren in der Toskana. Sind \u201eARD\u201c und \u201eZDF\u201c sogenannte \u201eL\u00fcgenmedien\u201c?<\/p>\n<p>Man w\u00e4rmte den einstigen Begriff aus NS- und DDR-Zeit, einer \u201eL\u00fcgenpresse\u201c wieder auf.<span class=\"Apple-converted-space\">\u00a0<\/span><\/p>\n<p>Die \u201eDeutsche Welle\u201c legte argentinische Einsch\u00e4tzungen \u00fcber Deutschland und die einstige Kanzlerin dar; was erwarten wir wohl nun durch die bisher konsequent versuchte milit\u00e4rische Inbesitznahme der Ukraine und ein zugeh\u00f6riges propagandistisches Dauerfeuer! Ausgepr\u00e4gter Pazifismus steht doch somit einem internationalen Beistand im Wege! \u2013 Hilfe zur Selbsthilfe \u2013<\/p>","protected":false},"featured_media":194127,"comment_status":"open","ping_status":"closed","template":"","meta":{"_acf_changed":false},"product_brand":[],"product_cat":[223],"product_tag":[],"class_list":["post-194126","product","type-product","status-publish","has-post-thumbnail","product_cat-sachbuch","first","instock","taxable","shipping-taxable","purchasable","product-type-simple"],"acf":[],"_links":{"self":[{"href":"https:\/\/paramon.de\/ch\/wp-json\/wp\/v2\/product\/194126","targetHints":{"allow":["GET"]}}],"collection":[{"href":"https:\/\/paramon.de\/ch\/wp-json\/wp\/v2\/product"}],"about":[{"href":"https:\/\/paramon.de\/ch\/wp-json\/wp\/v2\/types\/product"}],"replies":[{"embeddable":true,"href":"https:\/\/paramon.de\/ch\/wp-json\/wp\/v2\/comments?post=194126"}],"wp:featuredmedia":[{"embeddable":true,"href":"https:\/\/paramon.de\/ch\/wp-json\/wp\/v2\/media\/194127"}],"wp:attachment":[{"href":"https:\/\/paramon.de\/ch\/wp-json\/wp\/v2\/media?parent=194126"}],"wp:term":[{"taxonomy":"product_brand","embeddable":true,"href":"https:\/\/paramon.de\/ch\/wp-json\/wp\/v2\/product_brand?post=194126"},{"taxonomy":"product_cat","embeddable":true,"href":"https:\/\/paramon.de\/ch\/wp-json\/wp\/v2\/product_cat?post=194126"},{"taxonomy":"product_tag","embeddable":true,"href":"https:\/\/paramon.de\/ch\/wp-json\/wp\/v2\/product_tag?post=194126"}],"curies":[{"name":"wp","href":"https:\/\/api.w.org\/{rel}","templated":true}]}}

<p>Es wird versucht, einen Einblick zu vermitteln, wie vielseitig schon allein das Filmgewerbe auf uns wirkte und was sich seit der Erfindung allein in Deutschland für Vorgänge und Abläufe bisher ereigneten und vollzogen.</p>
<p>Bis zum Ende des Zweiten Weltkrieges stand daher auch das Geschehen in Berlin besonders im Brennpunkt vieler Betrachtungen; die dann erfolgte Besatzungszeit drückte überall ihre Stempel auf und prägte somit stark auch die Nachkriegsjugend.</p>
<p>Internationalität mit ihrer Ausstrahlung beeinflusste unser aller Leben und besonders USA-Hollywood mit seinen Regeln förderte lange Zeit finanziell große Projekte, die gewaltig die weite Welt durch die neuartigen Wiedergabetechniken beeindruckte. Mehr und mehr arbeitete man in Ost und West viele Kriegsschicksale mit ihren begleiteten Menschheitsverbrechen, nicht nur in vielen Filmdarstellungen auf.</p>
<p>Komödien und Science Fiction eroberten sich vordere Plätze und die TV-Wirtschaft trug mit der Verbreitung von vielen Serien zur Faszination, auch von neueren umweltbewussten und wissenschaftlichen Themen viel bei.</p>
<p>Frauenschicksale und die wachsende Bedeutung ihrer Arbeit rückten auf gebührende Plätze vor und alle Darlegungen und Andeutungen auch in den Grenzbereichen von Erkenntnissen werden hier durch Beispiele aufgezeigt; bisherige UFO-(UAP/USO) Sequenzen erscheinen am Ende nun durch offizielle Stellungnahmen und Auswertungen in einem neuem Licht.</p>
<p>In einigen literaturgeschichtlichen Randbemerkungen werden erste Hieroglyphen erwähnt und einige letzte Druck-„Museumsstücke“ laufen an einigen Orten noch immer nach dem Urprinzip und zur Erbauung der Betrachter und der daran noch Tätigen.</p>
<p>Für tiefgründige Menschen waren die Äußerungen eines Moses Mendelson (1729 – 1786), der in gepflegtem Deutsch als jüdischer Philosoph und aufgeklärter Schriftsteller den Weg zu Kant nach Königsberg antrat und in ihm dann einen Mitstreiter für seine Ideen eines toleranteren Denkens in allen Fragen zur damaligen Zeit von 1750 fand, der Angelpunkt eines geistigen Anstoßes.</p>
<p>Verlage und die „Deutsche Grammophon“ feierten Geburtstage und die zahlreichen Bücher der Klassiker von Remarque bis Hesse landeten einst auf<span class="Apple-converted-space">  </span>dem heutigen August-Bebel-Platz von Berlin im Flammenmeer fanatisierter und jubelnder NS-Mitstreiter.</p>
<p>Viele Künstler und Literaten gingen ins Ausland; aber eine neue Gegenwartsliteratur belebt uns wieder und unterbreitet kontroverse gesellschaftliche Themen auch aus der DDR-Zeit.</p>
<p>Das Schicksal eines Süd-Ost-Berliners (Dr. Günter Fischer / Jhrg. 1930) erzählt den Weg durch eine eigene jugendliche braun-rot- und letztlich<span class="Apple-converted-space">  </span>nun „schwarze“ Erlebniswelt.</p>
<p>Was wird aus der Finanzierbarkeit von gutem Journalismus?</p>
<p>Was sagt der Philosoph Richard David Precht?</p>
<p>Was störte den ehemaligen Bürgermeister von Berlin-Neukölln?</p>
<p>Wie berichtete „Der Tagesspiegel“ über Hasso Plattner als Ehrenbürger?</p>
<p>Wen interessiert vielleicht eine vollzogene „Studienreise“ nach Israel 2019?</p>
<p>Wie arbeitete Gerhard Konzelmann das Geschichtliche dort auf?</p>
<p>Abschließende Info-Splitter beleuchten viele Facetten der abwechslungsreichen Filmschöpfungen und die Medienentwicklung bis in die jüngste Zeit der Corona-Krise.</p>
<p>Ruhepole waren auch „Die geheimen Gärten von Lucca“ Ö / 2019.<span class="Apple-converted-space"> </span></p>
<p>Die Schönheiten Italiens beschreiben in Erinnerung an 2012 noch einige Wanderungen und Touren in der Toskana. Sind „ARD“ und „ZDF“ sogenannte „Lügenmedien“?</p>
<p>Man wärmte den einstigen Begriff aus NS- und DDR-Zeit, einer „Lügenpresse“ wieder auf.<span class="Apple-converted-space"> </span></p>
<p>Die „Deutsche Welle“ legte argentinische Einschätzungen über Deutschland und die einstige Kanzlerin dar; was erwarten wir wohl nun durch die bisher konsequent versuchte militärische Inbesitznahme der Ukraine und ein zugehöriges propagandistisches Dauerfeuer! Ausgeprägter Pazifismus steht doch somit einem internationalen Beistand im Wege! – Hilfe zur Selbsthilfe –</p>
