{"id":6541,"date":"2020-06-09T11:59:26","date_gmt":"2020-06-09T11:59:26","guid":{"rendered":"https:\/\/paramonde.wpengine.com\/?post_type=product&#038;p=6541"},"modified":"2025-05-22T09:56:02","modified_gmt":"2025-05-22T09:56:02","slug":"menschen-sitzen-schulte","status":"publish","type":"product","link":"https:\/\/paramon.de\/at\/product\/menschen-sitzen-schulte\/","title":{"rendered":"Menschen sitzen (Schulte)"},"content":{"rendered":"","protected":false},"excerpt":{"rendered":"<p>Auf den ersten Blick erscheint das Sitzen von Menschen als fotografisches Thema nicht besonders spannend. Demgegen\u00fcber erhellen die in europ\u00e4ischen und nordamerikanischen St\u00e4dten aufgenommenen Stra\u00dfenfotografien interessante und \u00fcberraschende Aspekte dieser menschlichen Grundhaltung. Konzentriert auf den sozialen Alltag werden unterschiedliche Personen(-gruppen), Situationen, Umgebungen und Verhaltensweisen abgebildet und einf\u00fchrend erl\u00e4utert. Die Bilder k\u00f6nnen als Beispiel f\u00fcr die Gleichheit und Vielfalt der Menschen verstanden werden.<\/p>\n<p>&nbsp;<\/p>\n<p>&nbsp;<\/p>\n<p><a href=\"https:\/\/paramon.de\/wp-content\/uploads\/2020\/06\/Leseprobe-Menschen-sitzen.pdf\">Leseprobe Menschen sitzen<\/a><\/p>\n<p>&nbsp;<\/p>\n<p>&nbsp;<\/p>\n<p>Menschen sitzen, Axel Schulte, gebunden, 205 Seiten, 30\u20ac<\/p>\n<p>Weitere Informationen zum Autoren unter: <a href=\"https:\/\/schulte-axel.de\/zu-meiner-person\/\">https:\/\/schulte-axel.de\/zu-meiner-person\/<\/a><\/p>\n<p>&nbsp;<\/p>\n<p>&nbsp;<\/p>\n<p>&nbsp;<\/p>\n<p>Ich bin im Jahre 1943 geboren und habe nach dem Schulbesuch und Abitur in Velbert\/Rhld. ab 1963 Politische Wissenschaft, Geschichte und Philosophie an der Freien Universit\u00e4t Berlin studiert. Dieses Studium habe ich 1970 mit der Ersten Staatspr\u00fcfung f\u00fcr das Amt des Studienrats abgeschlossen.<\/p>\n<p>&nbsp;<\/p>\n<p>Danach habe ich als Wissenschaftlicher sowie Hochschul-Assistent und sp\u00e4ter im Rahmen der Vertretung von Professorenaufgaben Lehr- und Forschungst\u00e4tigkeiten in der Politikwissenschaft wahrgenommen \u2013 zun\u00e4chst im Fachbereich Politische Wissenschaft der FU Berlin, ab 1972 am Institut f\u00fcr Politische Wissenschaft der (Leibniz) Universit\u00e4t Hannover. Hier erfolgten 1978 die Promotion zum Dr. phil. und 1985 die Habilitation im Fachgebiet \u201ePolitische Wissenschaft\u201c. 1990 wurde ich zum \u201eau\u00dferplanm\u00e4\u00dfigen Professor\u201c ernannt. F\u00fcr meine politikwissenschaftlichen Arbeiten zum Themengebiet \u201aMigration\u2019 wurde ich (zusammen mit Hubert Heinelt) 1995 mit dem Preis der Schader-Stiftung \u201eGesellschaftswissenschaften im Praxisbezug\u201c ausgezeichnet. Ende des WS 2009\/10 bin ich in den Ruhestand eingetreten.<\/p>\n<p>&nbsp;<\/p>\n<p>&nbsp;<\/p>\n<p>\u00dcber meine thematischen Schwerpunkte im Bereich von Lehre und Forschung gibt die folgende Liste der Ver\u00f6ffentlichungen Auskunft:<\/p>\n<p>&nbsp;<\/p>\n<p><img loading=\"lazy\" decoding=\"async\" class=\"size-medium wp-image-198258 alignright\" src=\"https:\/\/paramon.de\/wp-content\/uploads\/2021\/10\/Axel-Schulte-300x200.jpg\" alt=\"\" width=\"300\" height=\"200\" srcset=\"https:\/\/paramon.de\/wp-content\/uploads\/2021\/10\/Axel-Schulte-300x200.jpg 300w, https:\/\/paramon.de\/wp-content\/uploads\/2021\/10\/Axel-Schulte-1024x683.jpg 1024w, https:\/\/paramon.de\/wp-content\/uploads\/2021\/10\/Axel-Schulte-768x512.jpg 768w, https:\/\/paramon.de\/wp-content\/uploads\/2021\/10\/Axel-Schulte-1536x1024.jpg 1536w, https:\/\/paramon.de\/wp-content\/uploads\/2021\/10\/Axel-Schulte-2048x1365.jpg 2048w, https:\/\/paramon.de\/wp-content\/uploads\/2021\/10\/Axel-Schulte-18x12.jpg 18w, https:\/\/paramon.de\/wp-content\/uploads\/2021\/10\/Axel-Schulte-820x547.jpg 820w\" sizes=\"auto, (max-width: 300px) 100vw, 300px\" \/><\/p>\n<p>&nbsp;<\/p>\n<p>&nbsp;<\/p>\n<p>&nbsp;<\/p>\n<p>Zivilgesellschaftlich und gesellschaftspolitisch war und bin ich in verschiedenen Organisationen auf lokaler, regionaler und nationaler Ebene engagiert (gewesen). In j\u00fcngster Zeit geh\u00f6r(t)en dazu die Vereinigungen \u201aInterkultureller Rat in Deutschland e.V.\u201c (Mitglied des Vorstandes) sowie \u201aDeutsches Institut f\u00fcr Menschenrechte (DIMR) e.V.\u2018<\/p>","protected":false},"featured_media":6609,"comment_status":"open","ping_status":"closed","template":"","meta":{"_acf_changed":false},"product_brand":[],"product_cat":[225],"product_tag":[],"class_list":["post-6541","product","type-product","status-publish","has-post-thumbnail","product_cat-reise","first","instock","taxable","shipping-taxable","purchasable","product-type-simple"],"acf":[],"_links":{"self":[{"href":"https:\/\/paramon.de\/at\/wp-json\/wp\/v2\/product\/6541","targetHints":{"allow":["GET"]}}],"collection":[{"href":"https:\/\/paramon.de\/at\/wp-json\/wp\/v2\/product"}],"about":[{"href":"https:\/\/paramon.de\/at\/wp-json\/wp\/v2\/types\/product"}],"replies":[{"embeddable":true,"href":"https:\/\/paramon.de\/at\/wp-json\/wp\/v2\/comments?post=6541"}],"wp:featuredmedia":[{"embeddable":true,"href":"https:\/\/paramon.de\/at\/wp-json\/wp\/v2\/media\/6609"}],"wp:attachment":[{"href":"https:\/\/paramon.de\/at\/wp-json\/wp\/v2\/media?parent=6541"}],"wp:term":[{"taxonomy":"product_brand","embeddable":true,"href":"https:\/\/paramon.de\/at\/wp-json\/wp\/v2\/product_brand?post=6541"},{"taxonomy":"product_cat","embeddable":true,"href":"https:\/\/paramon.de\/at\/wp-json\/wp\/v2\/product_cat?post=6541"},{"taxonomy":"product_tag","embeddable":true,"href":"https:\/\/paramon.de\/at\/wp-json\/wp\/v2\/product_tag?post=6541"}],"curies":[{"name":"wp","href":"https:\/\/api.w.org\/{rel}","templated":true}]}}

<p>Auf den ersten Blick erscheint das Sitzen von Menschen als fotografisches Thema nicht besonders spannend. Demgegenüber erhellen die in europäischen und nordamerikanischen Städten aufgenommenen Straßenfotografien interessante und überraschende Aspekte dieser menschlichen Grundhaltung. Konzentriert auf den sozialen Alltag werden unterschiedliche Personen(-gruppen), Situationen, Umgebungen und Verhaltensweisen abgebildet und einführend erläutert. Die Bilder können als Beispiel für die Gleichheit und Vielfalt der Menschen verstanden werden.</p>
<p>&nbsp;</p>
<p>&nbsp;</p>
<p><a href="https://paramon.de/wp-content/uploads/2020/06/Leseprobe-Menschen-sitzen.pdf">Leseprobe Menschen sitzen</a></p>
<p>&nbsp;</p>
<p>&nbsp;</p>
<p>Menschen sitzen, Axel Schulte, gebunden, 205 Seiten, 30€</p>
<p>Weitere Informationen zum Autoren unter: <a href="https://schulte-axel.de/zu-meiner-person/">https://schulte-axel.de/zu-meiner-person/</a></p>
<p>&nbsp;</p>
<p>&nbsp;</p>
<p>&nbsp;</p>
<p>Ich bin im Jahre 1943 geboren und habe nach dem Schulbesuch und Abitur in Velbert/Rhld. ab 1963 Politische Wissenschaft, Geschichte und Philosophie an der Freien Universität Berlin studiert. Dieses Studium habe ich 1970 mit der Ersten Staatsprüfung für das Amt des Studienrats abgeschlossen.</p>
<p>&nbsp;</p>
<p>Danach habe ich als Wissenschaftlicher sowie Hochschul-Assistent und später im Rahmen der Vertretung von Professorenaufgaben Lehr- und Forschungstätigkeiten in der Politikwissenschaft wahrgenommen – zunächst im Fachbereich Politische Wissenschaft der FU Berlin, ab 1972 am Institut für Politische Wissenschaft der (Leibniz) Universität Hannover. Hier erfolgten 1978 die Promotion zum Dr. phil. und 1985 die Habilitation im Fachgebiet „Politische Wissenschaft“. 1990 wurde ich zum „außerplanmäßigen Professor“ ernannt. Für meine politikwissenschaftlichen Arbeiten zum Themengebiet ‚Migration’ wurde ich (zusammen mit Hubert Heinelt) 1995 mit dem Preis der Schader-Stiftung „Gesellschaftswissenschaften im Praxisbezug“ ausgezeichnet. Ende des WS 2009/10 bin ich in den Ruhestand eingetreten.</p>
<p>&nbsp;</p>
<p>&nbsp;</p>
<p>Über meine thematischen Schwerpunkte im Bereich von Lehre und Forschung gibt die folgende Liste der Veröffentlichungen Auskunft:</p>
<p>&nbsp;</p>
<p><img loading="lazy" decoding="async" class="size-medium wp-image-198258 alignright" src="https://paramon.de/wp-content/uploads/2021/10/Axel-Schulte-300x200.jpg" alt="" width="300" height="200" srcset="https://paramon.de/wp-content/uploads/2021/10/Axel-Schulte-300x200.jpg 300w, https://paramon.de/wp-content/uploads/2021/10/Axel-Schulte-1024x683.jpg 1024w, https://paramon.de/wp-content/uploads/2021/10/Axel-Schulte-768x512.jpg 768w, https://paramon.de/wp-content/uploads/2021/10/Axel-Schulte-1536x1024.jpg 1536w, https://paramon.de/wp-content/uploads/2021/10/Axel-Schulte-2048x1365.jpg 2048w, https://paramon.de/wp-content/uploads/2021/10/Axel-Schulte-18x12.jpg 18w, https://paramon.de/wp-content/uploads/2021/10/Axel-Schulte-820x547.jpg 820w" sizes="auto, (max-width: 300px) 100vw, 300px" /></p>
<p>&nbsp;</p>
<p>&nbsp;</p>
<p>&nbsp;</p>
<p>Zivilgesellschaftlich und gesellschaftspolitisch war und bin ich in verschiedenen Organisationen auf lokaler, regionaler und nationaler Ebene engagiert (gewesen). In jüngster Zeit gehör(t)en dazu die Vereinigungen ‚Interkultureller Rat in Deutschland e.V.“ (Mitglied des Vorstandes) sowie ‚Deutsches Institut für Menschenrechte (DIMR) e.V.‘</p>
