{"id":198245,"date":"2025-04-23T09:43:26","date_gmt":"2025-04-23T09:43:26","guid":{"rendered":"https:\/\/paramon.de\/?post_type=product&#038;p=198245"},"modified":"2025-06-29T16:09:33","modified_gmt":"2025-06-29T16:09:33","slug":"mandalu-was-sagst-denn-du-fuchs","status":"publish","type":"product","link":"https:\/\/paramon.de\/at\/product\/mandalu-was-sagst-denn-du-fuchs\/","title":{"rendered":"Mandalu, was sagst denn du? (Fuchs)"},"content":{"rendered":"","protected":false},"excerpt":{"rendered":"<p><strong>Das erste Mandalu-Buch von Gl\u00fcckswiese<\/strong><\/p>\n<p>Was kann man im Wald entdecken?<\/p>\n<p>Frag das Mandalu und ruf ihm zu:<span class=\"Apple-converted-space\">\u00a0<\/span><\/p>\n<p>\u201eMandalu, was sagst denn du?\u201c<\/p>\n<p>&nbsp;<\/p>\n<p><strong>Eine tolle Ohrwurm-Geschichte \u00fcber verschiedene Bewohner des Waldes zum Vorlesen, Mitsprechen, Selberlesen und Nachspielen, mit einpr\u00e4gsamen Reimen und liebevollen Illustrationen &#8211; nicht nur f\u00fcr kleine Natur-Liebhaber.<\/strong><\/p>\n<p>&nbsp;<\/p>\n<p>Mit diesem wertvollen Bilderbuch f\u00f6rdern Sie vielf\u00e4ltige Kompetenzen Ihres Kindes:<\/p>\n<p>\u2022Mandalu weckt Freude an B\u00fcchern und vermittelt Wissen.<\/p>\n<p>\u2022Das Buch eignet sich f\u00fcr Kinder unterschiedlichsten Alters bis hin zur 4. Klasse, f\u00fcr Sprachlerner auch bis zur 6. Klasse.<\/p>\n<p>\u2022Die harmonischen Illustrationen regen zum Beobachten und Suchen an, als \u201eWimmelbilder\u201c bereits ab 1 Jahr geeignet.<\/p>\n<p>\u2022Spezielle Text-Bild-Zusammenh\u00e4nge schulen die Kombinationsf\u00e4higkeit.<\/p>\n<p>\u2022Die Wohlf\u00fchl-Geschichte schafft einen emotionalen Zugang zu Literacy und begeistert Kinder f\u00fcr Sprache durch Reime.<\/p>\n<p>\u2022Mandalu macht Lust, selbst das Lesen zu lernen.<\/p>\n<p>\u2022Das Buch erm\u00f6glicht dialogisches (gemeinsames) Lesen im Rollenspiel mit Erwachsenen\/Selbstlesern.<\/p>\n<p>\u2022Der Text bietet spielerische Kommunikations-Erfahrungen durch das freundliche Frage-Antwort-Modell.<\/p>\n<p>\u2022Ganz nebenbei lernen Kinder Ausdruck und Artikulation.<\/p>\n<p>\u2022Kinder erleben ein Rhythmusgef\u00fchl f\u00fcr gesprochene S\u00e4tze.<\/p>\n<p>\u2022In Kitas\/Schulen eignet es sich als interaktives Theaterst\u00fcck f\u00fcr alle Mitspieler mit verteilten Rollen (das Drehbuch erscheint in K\u00fcrze).<\/p>\n<p>\u2022Mandalu ist auch f\u00fcr Kindergeburtstage eine wunderbare Motto-Idee zum Thema Wald \u2013 Waldtiere \u2013 B\u00e4ume \u2013 Pflanzen.<\/p>\n<p>\u2022Mandalu vermittelt positive Gef\u00fchle f\u00fcr das Leben in der Natur.<\/p>\n<p>\u2022Von Erziehern und Lehrern empfohlen!<\/p>\n<p>&nbsp;<\/p>\n<p>&nbsp;<\/p>\n<p>Mandalu, was sagst denn du?, Birgit Fuchs (Autorin) und Sabrina Kuhls (Illustratorin), Pappbuch, 22 Seiten, 15\u20ac<\/p>","protected":false},"featured_media":198246,"comment_status":"open","ping_status":"closed","template":"","meta":{"_acf_changed":false},"product_brand":[],"product_cat":[217],"product_tag":[],"class_list":["post-198245","product","type-product","status-publish","has-post-thumbnail","product_cat-kinderbuch","first","instock","taxable","shipping-taxable","purchasable","product-type-simple"],"acf":[],"_links":{"self":[{"href":"https:\/\/paramon.de\/at\/wp-json\/wp\/v2\/product\/198245","targetHints":{"allow":["GET"]}}],"collection":[{"href":"https:\/\/paramon.de\/at\/wp-json\/wp\/v2\/product"}],"about":[{"href":"https:\/\/paramon.de\/at\/wp-json\/wp\/v2\/types\/product"}],"replies":[{"embeddable":true,"href":"https:\/\/paramon.de\/at\/wp-json\/wp\/v2\/comments?post=198245"}],"wp:featuredmedia":[{"embeddable":true,"href":"https:\/\/paramon.de\/at\/wp-json\/wp\/v2\/media\/198246"}],"wp:attachment":[{"href":"https:\/\/paramon.de\/at\/wp-json\/wp\/v2\/media?parent=198245"}],"wp:term":[{"taxonomy":"product_brand","embeddable":true,"href":"https:\/\/paramon.de\/at\/wp-json\/wp\/v2\/product_brand?post=198245"},{"taxonomy":"product_cat","embeddable":true,"href":"https:\/\/paramon.de\/at\/wp-json\/wp\/v2\/product_cat?post=198245"},{"taxonomy":"product_tag","embeddable":true,"href":"https:\/\/paramon.de\/at\/wp-json\/wp\/v2\/product_tag?post=198245"}],"curies":[{"name":"wp","href":"https:\/\/api.w.org\/{rel}","templated":true}]}}

<p><strong>Das erste Mandalu-Buch von Glückswiese</strong></p>
<p>Was kann man im Wald entdecken?</p>
<p>Frag das Mandalu und ruf ihm zu:<span class="Apple-converted-space"> </span></p>
<p>„Mandalu, was sagst denn du?“</p>
<p>&nbsp;</p>
<p><strong>Eine tolle Ohrwurm-Geschichte über verschiedene Bewohner des Waldes zum Vorlesen, Mitsprechen, Selberlesen und Nachspielen, mit einprägsamen Reimen und liebevollen Illustrationen &#8211; nicht nur für kleine Natur-Liebhaber.</strong></p>
<p>&nbsp;</p>
<p>Mit diesem wertvollen Bilderbuch fördern Sie vielfältige Kompetenzen Ihres Kindes:</p>
<p>•Mandalu weckt Freude an Büchern und vermittelt Wissen.</p>
<p>•Das Buch eignet sich für Kinder unterschiedlichsten Alters bis hin zur 4. Klasse, für Sprachlerner auch bis zur 6. Klasse.</p>
<p>•Die harmonischen Illustrationen regen zum Beobachten und Suchen an, als „Wimmelbilder“ bereits ab 1 Jahr geeignet.</p>
<p>•Spezielle Text-Bild-Zusammenhänge schulen die Kombinationsfähigkeit.</p>
<p>•Die Wohlfühl-Geschichte schafft einen emotionalen Zugang zu Literacy und begeistert Kinder für Sprache durch Reime.</p>
<p>•Mandalu macht Lust, selbst das Lesen zu lernen.</p>
<p>•Das Buch ermöglicht dialogisches (gemeinsames) Lesen im Rollenspiel mit Erwachsenen/Selbstlesern.</p>
<p>•Der Text bietet spielerische Kommunikations-Erfahrungen durch das freundliche Frage-Antwort-Modell.</p>
<p>•Ganz nebenbei lernen Kinder Ausdruck und Artikulation.</p>
<p>•Kinder erleben ein Rhythmusgefühl für gesprochene Sätze.</p>
<p>•In Kitas/Schulen eignet es sich als interaktives Theaterstück für alle Mitspieler mit verteilten Rollen (das Drehbuch erscheint in Kürze).</p>
<p>•Mandalu ist auch für Kindergeburtstage eine wunderbare Motto-Idee zum Thema Wald – Waldtiere – Bäume – Pflanzen.</p>
<p>•Mandalu vermittelt positive Gefühle für das Leben in der Natur.</p>
<p>•Von Erziehern und Lehrern empfohlen!</p>
<p>&nbsp;</p>
<p>&nbsp;</p>
<p>Mandalu, was sagst denn du?, Birgit Fuchs (Autorin) und Sabrina Kuhls (Illustratorin), Pappbuch, 22 Seiten, 15€</p>
